6, what is 12 - -19?
2b
In base 7, what is -2 - 1254?
-1256
In base 3, what is -2021 + -1021?
-10112
In base 2, what is -10010110100 - 100?
-10010111000
In base 4, what is -11 + -1310?
-1321
In base 3, what is -2 - 11010?
-11012
In base 15, what is 18 + -3e?
-26
In base 6, what is -4 + -1554?
-2002
In base 10, what is -26 + -124?
-150
In base 7, what is 141 - -2?
143
In base 2, what is 10001000100 - 0?
10001000100
In base 9, what is 34 + 4?
38
In base 5, what is -124 - 343?
-1022
In base 15, what is -1 + 20?
1e
In base 11, what is -14 - 188?
-1a1
In base 2, what is 1010101010 + 10?
1010101100
In base 9, what is -3 - 0?
-3
In base 13, what is 3 + 91?
94
In base 16, what is -936 - -2?
-934
In base 9, what is 536 - 10?
526
In base 7, what is 555 + 0?
555
In base 7, what is -6 - -130?
121
In base 5, what is 1421 + 10?
1431
In base 5, what is 3 - -1310?
1313
In base 8, what is 12 + -6?
4
In base 10, what is 279 - 7?
272
In base 2, what is 1001011 - -101?
1010000
In base 14, what is -5 - 332?
-337
In base 2, what is -101 + 11100?
10111
In base 9, what is 0 + -6641?
-6641
In base 3, what is 0 + 2?
2
In base 6, what is 102 - -105?
211
In base 9, what is -3 - 1635?
-1638
In base 8, what is 7062 + -4?
7056
In base 2, what is 10110011 - -110111?
11101010
In base 12, what is -55aa + 5?
-55a5
In base 15, what is 5 + 23d?
243
In base 10, what is 4 + -37?
-33
In base 16, what is -1f - 0?
-1f
In base 13, what is 46 - 11?
35
In base 10, what is -1258 - -2?
-1256
In base 2, what is -10 + 10?
0
In base 2, what is 101010010 - 0?
101010010
In base 4, what is 1321013 - 11?
1321002
In base 3, what is -2010 - -221?
-1012
In base 3, what is 12 + -2112101?
-2112012
In base 12, what is -2b9 - -10?
-2a9
In base 6, what is 1335 + 4?
1343
In base 9, what is -523 - -3?
-520
In base 10, what is 201 - 2?
199
In base 2, what is -10 + -1010011?
-1010101
In base 15, what is -5 + 428?
423
In base 7, what is -3 - -64?
61
In base 13, what is bc - -2?
c1
In base 5, what is 1224 - -2?
1231
In base 3, what is -10 - -10201?
10121
In base 7, what is 151 - 10?
141
In base 11, what is 316 - 2?
314
In base 8, what is -1 + -1017?
-1020
In base 7, what is -21010 + 5?
-21002
In base 2, what is 1111001001 - -10?
1111001011
In base 12, what is 731 + -10?
721
In base 7, what is -1 - -1145?
1144
In base 3, what is 100 - 1102?
-1002
In base 8, what is -3 + -27?
-32
In base 9, what is 13 - 4?
8
In base 8, what is 0 + 423?
423
In base 10, what is -5 - 5?
-10
In base 14, what is 4 + 30?
34
In base 12, what is -7 + -9?
-14
In base 12, what is 13 - -5?
18
In base 13, what is 1 + -61?
-60
In base 13, what is 7a4 - 1b?
786
In base 15, what is -4 - -445?
441
In base 5, what is -3 - 1443?
-2001
In base 10, what is -11 + 562?
551
In base 5, what is -134030 - -3?
-134022
In base 7, what is 46 - 144?
-65
In base 14, what is -2cb - -1?
-2ca
In base 3, what is -1 - 2211?
-2212
In base 13, what is -17 + 158?
141
In base 13, what is 5 - -3b1a?
3b22
In base 6, what is -3 + -12?
-15
In base 15, what is -38 - -1?
-37
In base 5, what is 100 + 3003?
3103
In base 12, what is 2 - b54?
-b52
In base 6, what is 2545 + -4?
2541
In base 2, what is 10111 - -1?
11000
In base 13, what is 4 + -2012?
-200b
In base 12, what is -3 - -228?
225
In base 8, what is 2 + -107?
-105
In base 12, what is -187 - 1b?
-1a6
In base 4, what is -22 - -13?
-3
In base 14, what is 801 - 0?
801
In base 2, what is 101110 - 0?
101110
In base 9, what is -35 + -23?
-58
In base 10, what is 3 + 4?
7
In base 5, what is -202 - -1?
-201
In base 16, what is 20 - -c2?
e2
In base 9, what is -2304 + -5?
-2310
In base 11, what is -84 - -37?
-48
In base 6, what is -220 + 5?
-211
In base 10, what is 20 - -35?
55
In base 4, what is -2 - -13322?
13320
In base 15, what is 6 - aa0?
-a99
In base 4, what is -13 - -221?
202
In base 13, what is -6 - 5a?
-63
In base 7, what is -1 + -34?
-35
In base 9, what is -4 - 3676?
-3681
In base 3, what is -1211 + 120220?
112002
In base 14, what is 261a + 1?
261b
In base 7, what is -115 + -4?
-122
In base 9, what is -26 - 74?
-111
In base 5, what is -10 + 1031?
1021
In base 16, what is -13 - -b4?
a1
In base 13, what is -7 - 402?
-409
In base 10, what is -17265 + 4?
-17261
In base 11, what is -3208 + -1?
-3209
In base 7, what is -1 + -2144?
-2145
In base 15, what is -e87 + 2?
-e85
In base 11, what is 5 + -316?
-311
In base 5, what is 221 - 1?
220
In base 4, what is 32300 + -10?
32230
In base 5, what is 4 - 203?
-144
In base 2, what is -1101110000 - -10?
-1101101110
In base 5, what is 21 + 0?
21
In base 12, what is -8ba - -1?
-8b9
In base 11, what is -20 + a?
-11
In base 9, what is -185 + -3?
-188
In base 13, what is 57 + -1?
56
In base 14, what is -a + 2?
-8
In base 7, what is 1424 - 0?
1424
In base 3, what is 1 - 10012?
-10011
In base 6, what is 53 - 3?
50
In base 16, what is -1 - -b2?
b1
In base 10, what is 1 + 88?
89
In base 2, what is -10000 + 101100?
11100
In base 14, what is -49 + -1?
-4a
In base 12, what is 2 + -218?
-216
In base 8, what is 75 - 4?
71
In base 3, what is -110120 - -10?
-110110
In base 16, what is 177 + 4?
17b
In base 16, what is 4 + -179?
-175
In base 8, what is 0 + 1601?
1601
In base 14, what is 1b09 - -3?
1b0c
In base 9, what is 5 + -15?
-10
In base 9, what is -561 - 0?
-561
In base 7, what is 4 - 1?
3
In base 6, what is 35 - -44?
123
In base 11, what is -8 + 103?
a6
In base 5, what is -1130 - -2?
-1123
In base 12, what is 5 + 62?
67
In base 7, what is -3 + 30?
24
In base 13, what is 3 + -42?
-3c
In base 3, what is -1000101 + -1?
-1000102
In base 5, what is -10 - 131?
-141
In base 6, what is -222 - -5?
-213
In base 12, what is 370 - -8?
378
In base 4, what is 1 + -120123?
-120122
In base 7, what is -2 + 110?
105
In base 11, what is a8 - 5?
a3
In base 13, what is -39 + 1?
-38
In base 2, what is -10 - 1101?
-1111
In base 13, what is -32 - -2b?
-4
In base 8, what is -5 - 330?
-335
In base 16, what is 32 - -8?
3a
In base 14, what is 2 - -28d?
291
In base 14, what is 2a - -16?
42
In base 11, what is -692 - -4?
-689
In base 6, what is 2 - 1213?
-1211
In base 3, what is -2210 + 102?
-2101
In base 6, what is -1 - 35?
-40
In base 2, what is 0 - 10011?
-10011
In base 14, what is -4 - 62?
-66
In base 10, what is -4 + 50?
46
In base 10, what is -4045 - 2?
-4047
In base 5, what is -1131 - 11?
-1142
In base 15, what is 3 + 17b?
17e
In base 9, what is -64 + 10?
-54
In base 14, what is 4 - -1ba?
1c0
In base 6, what is 1330 + -3?
1323
In base 3, what is 1 - 1200?
-1122
In base 9, what is -11 + 15?
4
In base 4, what is -2 + -102232?
-102300
In base 8, what is -601 + 20?
-561
In base 5, what is -34 + -1023?
-1112
In base 13, what is -43 - -7?
-39
In base 9, what is 0 - 781?
-781
In base 3, what is -12 - 2201?
-2220
In base 10, what is 112 - -24?
136
In base 12, what is -2 - -108?
106
In base 4, what is 11033 - -11?
11110
In base 5, what is -24 - 21?
-100
In base 2, what is -1111 - 1101?
-11100
In base 9, what is 2 - 228?
-226
In base 13, what is -16 + -21?
-37
In base 3, what is 2022 + 2220?
12012
In base 6, what is 2 + 402?
404
In base 5, what is 332 - 0?
332
In base 15, what is -44 + -4d?
-92
In base 11, what is -4 + -131?
-135
In base 6, what is 135 + -5?
130
In base 13, what is 20a + -4?
206
In base 11, what is -18 + 47?
2a
In base 6, what is 513 + 2?
515
In base 7, what is 0 - -26?
26
In base 5, what is 423 - -23?
1001
In base 11, what is 11 - -27?
38
In base 2, what is 1001010101100011 - 1?
1001010101100010
In base 10, what is -128 + 0?
-128
In base 4, what is -301 + -3202?
-10103
In base 3, what is -2211 + 1101?
-1110
In base 5, what is 402 - -1?
403
In base 13, what is -760 - -1?
-75c
In base 11, what is 24 - 16?
9
In base 10, what is 0 - -590?
590
In base 16, what is 2 + -96?
-94
In base 8, what is -230 - 3?
-233
In base 12, what is 1 + 21?
22
In base 15, what is -2 - a6?
-a8
In base 8, what is -3 - 45?
-50
In base 11, what is -a96 + 3?
-a93
In base 8, what is 3 - 135?
-132
In base 14, what is 2 + -2?
0
In base 9, what is 5 + -70?
-64
In base 10, what is -22 - -224?
202
In base 10, what is -188 + -7?
-195
In base 5, what is 320 + -131?
134
In base 7, what is 4140 + 0?
4140
In base 13, what is 548 - -3?
54b
In base 2, what is 1000100 - -10?
1000110
In base 3, what is 101020 - -12?
101102
In base 12, what is 12b - -5?
1